 when 271 is divided by h?
19
Let g(l) = -l - 10. Let o be g(-7). Let a be (6 + 0)/(o - -2). Calculate the remainder when 28 is divided by ((-9)/a)/(2/20).
13
Suppose 6*s + 54 = 66. Suppose -3*z - 54 = -5*z + 2*q, s*z - 74 = -3*q. What is the remainder when 167 is divided by z?
12
Let f = -50 + 68. Suppose -13*u = -3211 + 676. What is the remainder when u is divided by f?
15
Let f = 20 - -36. Suppose -q - f + 160 = 0. Calculate the remainder when q is divided by ((-8883)/(-49))/9 - 18/(-21).
20
Let j(s) = s**2 - s - 1. Let a be j(3). Suppose -4*m + a*m = 246. Suppose -4*l + m = 2*l. What is the remainder when l is divided by 12?
5
Let b(s) = -s**3 + 3*s**2 - 13*s - 34. Let y be b(-4). Suppose -y*x = -133*x + 702. What is the remainder when x is divided by 17?
13
Let k(v) = -v**2 + 85*v - 639. Calculate the remainder when k(30) is divided by 20.
11
Let c = 213 - 271. Calculate the remainder when (-78)/1131 + (-26916)/c is divided by 94.
88
Suppose -4*y - 20 = y. Suppose -5*o = s - 106, -5*o - 6*s = -s - 90. Calculate the remainder when o is divided by 2*y/(-16)*4.
0
Suppose 8681 = 3*y + 30*y - 2638. What is the remainder when y is divided by 135?
73
Suppose -4*t + 357 + 356 = 61. Calculate the remainder when 6519 is divided by t.
162
Let l(h) = -h**3 + 6*h**2 - 4*h. Suppose 0 = -27*o - 167 + 2975. What is the remainder when o is divided by l(5)?
4
Suppose -3*u + 66 = -3*p, -119 = -5*u + 4*p - 10. Suppose 0 = -2*k + u*k - 589. Calculate the remainder when k is divided by -1*(1 - -10)/(-1).
9
What is the remainder when (-5 + (-65)/(-10))*(0 + -2) - -537 is divided by 135?
129
Let x(t) = t**3 + 138*t**2 + 135*t - 261. What is the remainder when 1220 is divided by x(-137)?
11
Let b = -35 - -31. Suppose -16 = 8*l - 112. Calculate the remainder when 11*b*(-3)/4 is divided by l.
9
Let u = -31 + 33. Suppose 5*y = -i - u*i, -5*y - i = 0. Suppose 2*o - 3*f = -1 - y, 9 = 3*o - f. What is the remainder when 7 is divided by o?
3
Let k(r) = -97*r - 1596. Calculate the remainder when k(-73) is divided by 13.
12
Suppose 302*g - 107650 = 592*g - 300*g. What is the remainder when g is divided by 37?
35
Let d(j) = -j**3 + 7*j**2 - 7*j - 1. Let b be d(6). Let h be (-1 - -1)*b/14. Suppose -8*x + 263 + 105 = h. Calculate the remainder when x is divided by 18.
10
Let c(u) = 50*u - 192. What is the remainder when 112 is divided by c(4)?
0
Suppose 0 = x + 2, -5*a - 114 = -5*x - 344. Let i = 46 - a. Suppose h = i*c + 111 - 39, -c = 5. Calculate the remainder when h is divided by 22.
18
What is the remainder when (34/8)/(((-4545)/414 - -11)/4) is divided by 268?
246
Suppose -141*b + 38665 = -86*b. Calculate the remainder when b is divided by 148.
111
Let f = 48 - 44. Suppose -b + 3*b + f = 0, y - 4*b - 28 = 0. Let a(d) = -5*d**3 + 3*d**2 + d - 1. What is the remainder when y is divided by a(-1)?
2
Suppose 0 = -3*z - 421 + 439. What is the remainder when 2085 is divided by z?
3
Let k = 16 + -10. Suppose -y + 133 = 2*w, -2*w = 169*y - 164*y - 649. What is the remainder when y is divided by k?
3
Let y(a) = 9*a**3 + 3*a**2 - 4*a + 3. Let p be y(2). Let m be (-12)/4*300/(-18). Let t = p - m. Calculate the remainder when 143 is divided by t.
27
Let a = 3284 + -3207. Calculate the remainder when a is divided by 68.
9
Let s(f) = -f**3 + 7*f**2 + 11*f + 14. Let v be s(12). Let t = v - -584. What is the remainder when 49 is divided by t?
9
Let t(k) = 10*k + 10. Let i be t(-8). Let j(c) = -3*c**2 + 5*c - 25. Let l be j(6). Let b = i - l. What is the remainder when 129 is divided by b?
30
Suppose -206*t = -234*t + 18144. What is the remainder when 1953 is divided by t?
9
Let d(v) = 4*v**2 - 2. Calculate the remainder when 54 - 0*(-9)/(-162) is divided by d(-2).
12
Let t(g) = 30*g**2 - 2. Let c be t(1). Suppose 25*r = c*r - 54. Calculate the remainder when 2/(-5) + 674/10 is divided by r.
13
Suppose 5*c - 395 = -5*v, 22*v + 192 = 25*v - 2*c. Let d(s) = -2*s**3 - 4*s**2 - 5*s - 2. Calculate the remainder when v is divided by d(-2).
6
Suppose 3*q - 2098 = 4*u, 0 = 24*q - 29*q - 4*u + 3550. Let b(o) = -5*o - 6. Calculate the remainder when q is divided by b(-13).
57
Calculate the remainder when 149 is divided by 121/3 - 37/111.
29
Suppose 22 = -14*r + 16*r + 2*u, 0 = 4*r + 3*u - 43. Let g(x) = -9 - 2*x - 3 + 26*x - 2*x**2. Calculate the remainder when g(r) is divided by 6.
4
Suppose 0 = 3*b - 3*u - 33, -3*b = -5*u - 31. Suppose -51*l + 2*m = -47*l - 86, l = 4*m + 53. What is the remainder when ((-32)/(-2))/(3/b) is divided by l?
13
Suppose -3*j - s + 15 = 0, -9*s = j - 4*s + 23. What is the remainder when 690 is divided by j?
4
Let w = 1 - -1. Suppose 4*z + 4*l = 1469 - 493, 0 = 4*l. Suppose -z + 64 = -9*j. What is the remainder when j is divided by w?
0
What is the remainder when 1067 is divided by (-72)/15*(-7 - ((0 - 0) + -2))?
11
Let o = -139 - -157. Calculate the remainder when 88 is divided by (96/36)/(8/o).
4
Suppose 4*g - 19 + 4 = 3*c, 4*g - 25 = 5*c. Let y(v) = 3*v**3 - 4*v**2 + 4*v - 2. What is the remainder when y(3) is divided by (84/30 - (0 - g))*5?
13
Suppose 25032 - 28376 = -11*w. What is the remainder when 5484 is divided by w?
12
Let j(h) = h**2 - 3*h - 2. Let g be j(5). Suppose 38 = 3*o - 9*t + 4*t, 0 = 4*o + t - 20. Suppose g*s + o = 70. What is the remainder when s is divided by 6?
2
Let s = -40 - -60. Let c(n) = 25*n - 221. What is the remainder when c(11) is divided by s?
14
Suppose -8*l + 5*l + 609 = f, 5*f = -l + 203. Let z = 270 - l. Calculate the remainder when z is divided by 42.
25
Let b = 647 - 645. What is the remainder when (-11 + b)/((-10)/70) is divided by 19?
6
Suppose 173 = m + 4*d, -188*m - 692 = -192*m + 5*d. What is the remainder when 11069 is divided by m?
170
Suppose -13*c + 14*c + 138 = w, -2*w + 280 = 2*c. What is the remainder when w is divided by 14?
13
Calculate the remainder when ((-621)/(-46))/((-4)/208*-2) is divided by 104.
39
Let n(r) = 272*r - 376. Calculate the remainder when 838 is divided by n(2).
166
Let o(p) = 6*p - 18. Let f be o(3). Suppose -u + 171 - 33 = f. Let m(j) = 7*j + 7. What is the remainder when u is divided by m(3)?
26
Calculate the remainder when 448 is divided by (-129)/(9 - (-315)/(-30)).
18
Suppose -7*v = -11*v + 16. Suppose 2*q = 5*o - 70, 0*q - v*q = 0. What is the remainder when o is divided by (-1)/(8 + (-164)/20)?
4
Let m = 11665 + -11351. Calculate the remainder when 650 is divided by m.
22
Let r = 5633 - 5444. What is the remainder when r is divided by 7?
0
Suppose -d + 4640 = 2*x, 327*x - 4*d + 11609 = 332*x. Calculate the remainder when x is divided by 107.
70
Let c(k) = -2*k**2 - 6*k - 6. Let t be c(-3). Let n be 0 - t/(-9) - (-23)/3. Let q = 8 + n. Calculate the remainder when 102 is divided by q.
12
Calculate the remainder when (-7 + 288/42)*2 + 25806/14 is divided by 208.
179
Suppose 3*v - 2*v = 14. Suppose 2*y - 7 = 5*o, 10 = 5*y + o - 21. What is the remainder when (y/8)/(1 - 67/68) is divided by v?
9
Suppose 5*n - 2*n - 5979 = -3*y, 3*y = -5*n + 5995. Calculate the remainder when y is divided by 23.
7
Let u(b) = 50*b + 2485. Calculate the remainder when 412 is divided by u(-47).
7
Suppose 0 = 2*b - 0 - 2. Suppose 0 = 3*k + r - 65, 16*k = 20*k + 3*r - 95. Calculate the remainder when k is divided by -3 + 19 - 3/b.
7
Suppose 0*j + 4*l - 8 = -2*j, 1 = j + 5*l. Suppose 5*a = j + 14. Suppose a*i - i - 111 = 0. Calculate the remainder when i is divided by 13.
11
Let n(t) = t**3 + 20*t**2 - 2*t - 29. Let a be n(-20). Suppose a*y - 1409 = 813. Calculate the remainder when y is divided by 22.
4
Suppose 34*g = -31*g. Suppose g = 4*p - 4*n, 4*n - 10 = 2*p - 0*p. What is the remainder when 44 is divided by p?
4
Let c = -3 + -69. Let x = c - -77. Let r(p) = -p**3 + 6*p**2 - 3*p + 1. What is the remainder when 42 is divided by r(x)?
9
Let b = -8760 + 8775. What is the remainder when b is divided by (-12 - -2)*(-12)/10?
3
Let x be -5 + 32/12 + 7/42*-4. Let v = -1 - -2. What is the remainder when 73 is divided by v*x/(-6)*38?
16
Let t(d) = -880*d - 16. Let l be t(-1). Calculate the remainder when 114 is divided by 92/322 + l/14.
52
Let m be (9/2)/(93/(-124)). Calculate the remainder when 123 is divided by (39 + -2 + m)/1.
30
Let j = 19 + -26. Let b be (((-70)/4)/j)/((-3)/(-6)). Suppose 244 = b*f - 141. What is